{"id":3,"date":"2021-09-10T17:12:28","date_gmt":"2021-09-10T17:12:28","guid":{"rendered":"https:\/\/whatevent.paradivma.com\/?page_id=3"},"modified":"2023-09-07T12:20:27","modified_gmt":"2023-09-07T10:20:27","slug":"politica-privacidad","status":"publish","type":"page","link":"https:\/\/dreamtech5.com\/web\/es\/politica-privacidad\/","title":{"rendered":"Pol\u00edtica de privacidad"},"content":{"rendered":"\t\t<div data-elementor-type=\"wp-page\" data-elementor-id=\"3\" class=\"elementor elementor-3\" data-elementor-post-type=\"page\">\n\t\t\t\t\t\t<section class=\"elementor-section elementor-top-section elementor-element elementor-element-46b23bd elementor-section-boxed elementor-section-height-default elementor-section-height-default\" data-id=\"46b23bd\" data-element_type=\"section\" data-settings=\"{&quot;jet_parallax_layout_list&quot;:[]}\">\n\t\t\t\t\t\t<div class=\"elementor-container elementor-column-gap-default\">\n\t\t\t\t\t<div class=\"elementor-column elementor-col-100 elementor-top-column elementor-element elementor-element-07af089\" data-id=\"07af089\" data-element_type=\"column\">\n\t\t\t<div class=\"elementor-widget-wrap elementor-element-populated\">\n\t\t\t\t\t\t<div class=\"elementor-element elementor-element-984e19b elementor-widget elementor-widget-heading\" data-id=\"984e19b\" data-element_type=\"widget\" data-widget_type=\"heading.default\">\n\t\t\t\t<div class=\"elementor-widget-container\">\n\t\t\t<h3 class=\"elementor-heading-title elementor-size-default\">Pol\u00edtica de privacidad<\/h3>\t\t<\/div>\n\t\t\t\t<\/div>\n\t\t\t\t<div class=\"elementor-element elementor-element-fe6c86c elementor-widget elementor-widget-text-editor\" data-id=\"fe6c86c\" data-element_type=\"widget\" data-widget_type=\"text-editor.default\">\n\t\t\t\t<div class=\"elementor-widget-container\">\n\t\t\t\t\t\t\t<p>Hasta ahora se ven\u00eda cumpliendo la LOPD para la privacidad de datos en Espa\u00f1a, ley que a partir del 25 de Mayo del 2018 queda sustituida por el Reglamento General de Protecci\u00f3n de datos (RGPD) de la Uni\u00f3n Europea.<\/p><p>La presente Pol\u00edtica de Privacidad ser\u00e1 v\u00e1lida \u00fanicamente para los datos de car\u00e1cter personal obtenidos en Sitio Web, no siendo aplicable para aquella informaci\u00f3n recabada por terceros en otras p\u00e1ginas web, incluso si \u00e9stas se encuentran enlazadas por el Sitio Web.<\/p><p>Con ello Sitio Web manifiesta su compromiso por mantener y garantizar las relaciones comerciales con el Usuario de forma segura mediante la protecci\u00f3n de sus datos personales y garantizando su derecho a la privacidad.<\/p><h3>DATOS PERSONALES QUE REQUIERE SITIO WEB<\/h3><p>Para poder prestar nuestros servicios necesitamos algunos datos identificativos seg\u00fan el servicio que Sitio Web te preste:<\/p><h4>PARA EL FORMULARIO DE CONTACTO:<\/h4><ul><li>Nombre y apellidos: para poder responder a la consulta.<\/li><li>Tel\u00e9fono: para poder responder a la consulta<\/li><li>email: para poder responder a la consulta<\/li><\/ul><h3>LEGITIMACI\u00d3N<\/h3><p>Gracias al consentimiento podemos tratar tus datos, siendo este un requisito obligatorio para que puedas acceder de forma correcto a los servicios de Sitio Web.<\/p><p>El usuario dispone de su derecho al olvido cuando quiera que todos sus datos sean eliminados de nuestras base de datos.<\/p><h3>CATEGOR\u00cdA DE LOS DATOS<\/h3><p>Los datos que recopila Sitio Web no son considerados datos sensibles o protegidos.<\/p><p>Seg\u00fan el art\u00edculo 9.1 del nuevo reglamento general de protecci\u00f3n de datos de la uni\u00f3n europea (RGPD) se consideran datos sensibles o protegidos los datos personales que revelen:<\/p><ul><li>El origen \u00e9tnico o racial.<\/li><li>Las opiniones pol\u00edticas.<\/li><li>Las convicciones religiosas o filos\u00f3ficas.<\/li><li>La afiliaci\u00f3n sindical.<\/li><li>El tratamiento de datos gen\u00e9ticos.<\/li><li>Datos biom\u00e9tricos dirigidos a identificar de manera un\u00edvoca a una persona f\u00edsica.<\/li><li>Datos relativos a la salud.<\/li><li>Datos relativos a la vida sexual o las orientaci\u00f3n sexuales de una persona f\u00edsica.<\/li><\/ul><p>S\u00f3lo trabajamos con los datos m\u00ednimos identificativos para llevar a cabo nuestra labor: nombre, apellidos, direcci\u00f3n, tel\u00e9fono, email, NIF\/c\u00f3digo fiscal.<\/p><h3>TIEMPO DE CONSERVACI\u00d3N DE LOS DATOS<\/h3><p>Los datos del cliente: nombre, tel\u00e9fono, direcci\u00f3n postal, correo electr\u00f3nico, etc. permanecer\u00e1n en nuestro sistema lo que legalmente y t\u00e9cnicamente se requiera para la operativa normal del Sitio Web, a menos que el Usuario ejerza su derecho a su eliminaci\u00f3n o actualizaci\u00f3n.<\/p><h3>NORMATIVA DE APLICACI\u00d3N<\/h3><p>Desde el 25 de mayo de 2018, Sitio Web se rige por el Reglamento General sobre Protecci\u00f3n de Datos (RGPD) de la Uni\u00f3n Europea.<\/p><h3><a title=\"BOE RGPD\" href=\"https:\/\/www.boe.es\/doue\/2016\/119\/L00001-00088.pdf\">https:\/\/www.boe.es\/doue\/2016\/119\/L00001-00088.pdf<\/a><\/h3><h3>MEDIDAS DE SEGURIDAD<\/h3><p>Sitio Web est\u00e1 alojado en los sistemas operados por OVH HISPANO S.L.U., en adelante OVH, est\u00e1n implantadas las medidas de seguridad t\u00e9cnicas y organizativas necesarias para garantizar la seguridad de los datos de car\u00e1cter personal del Usuario y evitar as\u00ed su alteraci\u00f3n, p\u00e9rdida y tratamiento y\/o acceso no autorizado. Esto habida cuenta del estado de la tecnolog\u00eda, la naturaleza de los datos almacenados y los riesgos a que est\u00e1n expuestos, ya provengan de la acci\u00f3n humana o del medio f\u00edsico o natural. Todo ello de conformidad con lo previsto en el RGPD.<\/p><p>Asimismo, OVH ha establecido medidas adicionales en orden a reforzar la confidencialidad e integridad de la informaci\u00f3n en este Sitio Web. Manteniendo continuamente la supervisi\u00f3n, control y evaluaci\u00f3n de los procesos para asegurar el respeto a la privacidad de los datos.<\/p><p>Concretamente, las medidas que adopta OVH son:<\/p><ul><li>Conexi\u00f3n con certificado SSL en el Sitio Web.<\/li><li>Encriptaci\u00f3n de las claves y contrase\u00f1as utilizando algoritmos criptogr\u00e1ficos est\u00e1ndar.<\/li><li>Protecci\u00f3n de los servidores mediante cortafuegos, aislamiento de procesos, y otras medidas de seguridad est\u00e1ndar.<\/li><li>Copias de seguridad diarias distribuidas geogr\u00e1ficamente para garantizar la continuidad del servicio en caso de incidente.<\/li><\/ul><h3>EJERCICIOS DE DERECHOS<\/h3><p>Aquel Usuario que haya facilitado sus datos a Sitio Web, podr\u00e1 dirigirse al titular de la web con el fin de poder ejercitar gratuitamente su derecho de acceso a sus datos, rectificaci\u00f3n o supresi\u00f3n, limitaci\u00f3n y oposici\u00f3n respecto de los datos incorporados en sus ficheros.<\/p><p>El m\u00e9todo que debe utilizar el Usuario para comunicarse con Sitio Web ser\u00e1 mediante su cuenta de email registrada en nuestro servicio web, o por escrito.<\/p><p>El Usuario podr\u00e1 ejercitar sus derechos mediante comunicaci\u00f3n por escrito dirigida a Sitio Web con la referencia \u201cProtecci\u00f3n de datos\u201d, especificando sus datos, acreditando su identidad y los motivos de su solicitud en la siguiente direcci\u00f3n:<\/p><p>info@dreamtech5.com<\/p><p>Cualquier informaci\u00f3n que necesitemos almacenar en virtud de una obligaci\u00f3n legal, fiscal o contractual, ser\u00e1 bloqueada y s\u00f3lo utilizada para dichos fines en lugar de ser borrada.<\/p><h3>MODIFICACI\u00d3N DE LA POL\u00cdTICA DE PRIVACIDAD<\/h3><p>Sitio Web se reserva el derecho de modificar la Pol\u00edtica de Privacidad, motivado por un cambio legislativo, jurisprudencial o doctrinal de la Agencia Espa\u00f1ola de Protecci\u00f3n de Datos.<\/p><p>Cualquier modificaci\u00f3n de la Pol\u00edtica de Privacidad ser\u00e1 publicada al menos diez d\u00edas antes de su efectiva aplicaci\u00f3n.<\/p><h3>RESPONSABLE DEL FICHERO Y ENCARGADO DEL TRATAMIENTO<\/h3><p>El responsable del fichero de datos es el titular de Sitio Web.<\/p><h3>SERVICIOS OFRECIDOS POR TERCEROS<\/h3><p>Para prestar servicios estrictamente necesarios para su adecuado funcionamiento Sitio Web utiliza los siguientes prestadores de servicios bajo sus correspondientes condiciones de privacidad:<\/p><ul><li>Google Analytics, para estad\u00edsticas.\u00a0<a title=\"https:\/\/policies.google.com\/privacy?hl=es\" href=\"https:\/\/policies.google.com\/privacy?hl=es\">https:\/\/policies.google.com\/privacy?hl=es<\/a><\/li><li>Mandrill\/MailChimp, env\u00edo de correos.\u00a0<a title=\"https:\/\/mailchimp.com\/legal\/privacy\/\" href=\"https:\/\/mailchimp.com\/legal\/privacy\/\">https:\/\/mailchimp.com\/legal\/privacy\/<\/a><\/li><\/ul><h3>PLUGINS SOCIALES<\/h3><p>En nuestro Sitio Web ofrecemos enlaces y servicios relacionados con diferentes redes sociales. Si el Usuario es miembro de una red social y hace clic sobre el correspondiente enlace, el proveedor de la red social podr\u00e1 enlazar sus datos de perfil con la informaci\u00f3n de su visita a Sitio Web.<\/p><p>Por tanto, el Usuario debe estar informado sobre las funciones y pol\u00edticas sobre el tratamiento de sus datos personales de la respectiva red social. Tanto si accede a una de nuestras p\u00e1ginas web con alguno de sus perfiles en redes sociales o comparte informaci\u00f3n a trav\u00e9s de ellos.<\/p><p>El Usuario puedes acceder en todo momento a las pol\u00edticas de privacidad de las diferentes redes sociales, as\u00ed como configurar su perfil para garantizar su privacidad.<\/p><ul><li>Twitter:\u00a0<a title=\"https:\/\/twitter.com\/privacy\" href=\"https:\/\/twitter.com\/privacy\">https:\/\/twitter.com\/privacy<\/a><\/li><li>Youtube:\u00a0<a title=\"https:\/\/policies.google.com\/privacy\" href=\"https:\/\/policies.google.com\/privacy\">https:\/\/policies.google.com\/privacy<\/a><\/li><li>Linkedin:\u00a0<a title=\"https:\/\/www.linkedin.com\/legal\/privacy-policy\" href=\"https:\/\/www.linkedin.com\/legal\/privacy-policy\">https:\/\/www.linkedin.com\/legal\/privacy-policy<\/a><\/li><\/ul><h3>ACEPTACI\u00d3N, CONSENTIMIENTO Y REVOCABILIDAD<\/h3><p>El Usuario declara haber sido informado de las presentes condiciones sobre protecci\u00f3n de datos de car\u00e1cter personal, aceptando y consintiendo el tratamiento de los mismos por parte de Sitio Web en la forma y para las finalidades indicadas en el Aviso Legal.<\/p><p>En cualquier momento el Usuario podr\u00e1 revocar sus datos, pero sin afectar a acciones ya realizadas en el pasado, es decir sin car\u00e1cter retroactivo.<\/p>\t\t\t\t\t\t<\/div>\n\t\t\t\t<\/div>\n\t\t\t\t\t<\/div>\n\t\t<\/div>\n\t\t\t\t\t<\/div>\n\t\t<\/section>\n\t\t\t\t<\/div>\n\t\t","protected":false},"excerpt":{"rendered":"<p>Hasta ahora se ven\u00eda cumpliendo la LOPD para la privacidad de datos en Espa\u00f1a, ley que a partir del 25 de Mayo del 2018 queda sustituida por el Reglamento General de Protecci\u00f3n de datos (RGPD) de la Uni\u00f3n Europea. La presente Pol\u00edtica de Privacidad ser\u00e1 v\u00e1lida \u00fanicamente para los datos de car\u00e1cter personal obtenidos en [&hellip;]<\/p>\n","protected":false},"author":1,"featured_media":0,"parent":0,"menu_order":0,"comment_status":"closed","ping_status":"open","template":"","meta":{"content-type":"","inline_featured_image":false,"ocean_post_layout":"","ocean_both_sidebars_style":"","ocean_both_sidebars_content_width":0,"ocean_both_sidebars_sidebars_width":0,"ocean_sidebar":"0","ocean_second_sidebar":"0","ocean_disable_margins":"enable","ocean_add_body_class":"","ocean_shortcode_before_top_bar":"","ocean_shortcode_after_top_bar":"","ocean_shortcode_before_header":"","ocean_shortcode_after_header":"","ocean_has_shortcode":"","ocean_shortcode_after_title":"","ocean_shortcode_before_footer_widgets":"","ocean_shortcode_after_footer_widgets":"","ocean_shortcode_before_footer_bottom":"","ocean_shortcode_after_footer_bottom":"","ocean_display_top_bar":"default","ocean_display_header":"default","ocean_header_style":"","ocean_center_header_left_menu":"0","ocean_custom_header_template":"0","ocean_custom_logo":0,"ocean_custom_retina_logo":0,"ocean_custom_logo_max_width":0,"ocean_custom_logo_tablet_max_width":0,"ocean_custom_logo_mobile_max_width":0,"ocean_custom_logo_max_height":0,"ocean_custom_logo_tablet_max_height":0,"ocean_custom_logo_mobile_max_height":0,"ocean_header_custom_menu":"0","ocean_menu_typo_font_family":"0","ocean_menu_typo_font_subset":"","ocean_menu_typo_font_size":0,"ocean_menu_typo_font_size_tablet":0,"ocean_menu_typo_font_size_mobile":0,"ocean_menu_typo_font_size_unit":"px","ocean_menu_typo_font_weight":"","ocean_menu_typo_font_weight_tablet":"","ocean_menu_typo_font_weight_mobile":"","ocean_menu_typo_transform":"","ocean_menu_typo_transform_tablet":"","ocean_menu_typo_transform_mobile":"","ocean_menu_typo_line_height":0,"ocean_menu_typo_line_height_tablet":0,"ocean_menu_typo_line_height_mobile":0,"ocean_menu_typo_line_height_unit":"","ocean_menu_typo_spacing":0,"ocean_menu_typo_spacing_tablet":0,"ocean_menu_typo_spacing_mobile":0,"ocean_menu_typo_spacing_unit":"","ocean_menu_link_color":"","ocean_menu_link_color_hover":"","ocean_menu_link_color_active":"","ocean_menu_link_background":"","ocean_menu_link_hover_background":"","ocean_menu_link_active_background":"","ocean_menu_social_links_bg":"","ocean_menu_social_hover_links_bg":"","ocean_menu_social_links_color":"","ocean_menu_social_hover_links_color":"","ocean_disable_title":"default","ocean_disable_heading":"default","ocean_post_title":"","ocean_post_subheading":"","ocean_post_title_style":"","ocean_post_title_background_color":"","ocean_post_title_background":0,"ocean_post_title_bg_image_position":"","ocean_post_title_bg_image_attachment":"","ocean_post_title_bg_image_repeat":"","ocean_post_title_bg_image_size":"","ocean_post_title_height":0,"ocean_post_title_bg_overlay":0.5,"ocean_post_title_bg_overlay_color":"","ocean_disable_breadcrumbs":"default","ocean_breadcrumbs_color":"","ocean_breadcrumbs_separator_color":"","ocean_breadcrumbs_links_color":"","ocean_breadcrumbs_links_hover_color":"","ocean_display_footer_widgets":"default","ocean_display_footer_bottom":"default","ocean_custom_footer_template":"0","footnotes":""},"class_list":["post-3","page","type-page","status-publish","hentry","entry"],"yoast_head":"<!-- This site is optimized with the Yoast SEO plugin v23.1 - https:\/\/yoast.com\/wordpress\/plugins\/seo\/ -->\n<title>Pol\u00edtica de privacidad - Dreamtech<\/title>\n<meta name=\"robots\" content=\"noindex, nofollow\" \/>\n<meta property=\"og:locale\" content=\"es_ES\" \/>\n<meta property=\"og:type\" content=\"article\" \/>\n<meta property=\"og:title\" content=\"Pol\u00edtica de privacidad - Dreamtech\" \/>\n<meta property=\"og:description\" content=\"Hasta ahora se ven\u00eda cumpliendo la LOPD para la privacidad de datos en Espa\u00f1a, ley que a partir del 25 de Mayo del 2018 queda sustituida por el Reglamento General de Protecci\u00f3n de datos (RGPD) de la Uni\u00f3n Europea. La presente Pol\u00edtica de Privacidad ser\u00e1 v\u00e1lida \u00fanicamente para los datos de car\u00e1cter personal obtenidos en [&hellip;]\" \/>\n<meta property=\"og:url\" content=\"https:\/\/dreamtech5.com\/web\/es\/politica-privacidad\/\" \/>\n<meta property=\"og:site_name\" content=\"Dreamtech\" \/>\n<meta property=\"article:modified_time\" content=\"2023-09-07T10:20:27+00:00\" \/>\n<meta name=\"twitter:card\" content=\"summary_large_image\" \/>\n<meta name=\"twitter:site\" content=\"@dreamtech5Info\" \/>\n<meta name=\"twitter:label1\" content=\"Tiempo de lectura\" \/>\n\t<meta name=\"twitter:data1\" content=\"5 minutos\" \/>\n<script type=\"application\/ld+json\" class=\"yoast-schema-graph\">{\"@context\":\"https:\/\/schema.org\",\"@graph\":[{\"@type\":\"WebPage\",\"@id\":\"https:\/\/dreamtech5.com\/web\/es\/politica-privacidad\/\",\"url\":\"https:\/\/dreamtech5.com\/web\/es\/politica-privacidad\/\",\"name\":\"Pol\u00edtica de privacidad - Dreamtech\",\"isPartOf\":{\"@id\":\"https:\/\/dreamtech5.com\/web\/#website\"},\"datePublished\":\"2021-09-10T17:12:28+00:00\",\"dateModified\":\"2023-09-07T10:20:27+00:00\",\"breadcrumb\":{\"@id\":\"https:\/\/dreamtech5.com\/web\/es\/politica-privacidad\/#breadcrumb\"},\"inLanguage\":\"es\",\"potentialAction\":[{\"@type\":\"ReadAction\",\"target\":[\"https:\/\/dreamtech5.com\/web\/es\/politica-privacidad\/\"]}]},{\"@type\":\"BreadcrumbList\",\"@id\":\"https:\/\/dreamtech5.com\/web\/es\/politica-privacidad\/#breadcrumb\",\"itemListElement\":[{\"@type\":\"ListItem\",\"position\":1,\"name\":\"Portada\",\"item\":\"https:\/\/dreamtech5.com\/web\/es\/\"},{\"@type\":\"ListItem\",\"position\":2,\"name\":\"Pol\u00edtica de privacidad\"}]},{\"@type\":\"WebSite\",\"@id\":\"https:\/\/dreamtech5.com\/web\/#website\",\"url\":\"https:\/\/dreamtech5.com\/web\/\",\"name\":\"Dreamtech\",\"description\":\"Dreamtech, video 3D, Realidad virtual y Realidad Aumentada.\",\"publisher\":{\"@id\":\"https:\/\/dreamtech5.com\/web\/#organization\"},\"potentialAction\":[{\"@type\":\"SearchAction\",\"target\":{\"@type\":\"EntryPoint\",\"urlTemplate\":\"https:\/\/dreamtech5.com\/web\/?s={search_term_string}\"},\"query-input\":\"required name=search_term_string\"}],\"inLanguage\":\"es\"},{\"@type\":\"Organization\",\"@id\":\"https:\/\/dreamtech5.com\/web\/#organization\",\"name\":\"Dreamtech\",\"url\":\"https:\/\/dreamtech5.com\/web\/\",\"logo\":{\"@type\":\"ImageObject\",\"inLanguage\":\"es\",\"@id\":\"https:\/\/dreamtech5.com\/web\/#\/schema\/logo\/image\/\",\"url\":\"https:\/\/dreamtech5.com\/web\/wp-content\/uploads\/2022\/03\/Dreamtech-logo-negro.png\",\"contentUrl\":\"https:\/\/dreamtech5.com\/web\/wp-content\/uploads\/2022\/03\/Dreamtech-logo-negro.png\",\"width\":172,\"height\":51,\"caption\":\"Dreamtech\"},\"image\":{\"@id\":\"https:\/\/dreamtech5.com\/web\/#\/schema\/logo\/image\/\"},\"sameAs\":[\"https:\/\/x.com\/dreamtech5Info\",\"https:\/\/www.linkedin.com\/company\/dreamtech5\",\"https:\/\/www.youtube.com\/channel\/UCrddn2IC1KNPvMC3-IEnXvA\"]}]}<\/script>\n<!-- \/ Yoast SEO plugin. -->","yoast_head_json":{"title":"Pol\u00edtica de privacidad - Dreamtech","robots":{"index":"noindex","follow":"nofollow"},"og_locale":"es_ES","og_type":"article","og_title":"Pol\u00edtica de privacidad - Dreamtech","og_description":"Hasta ahora se ven\u00eda cumpliendo la LOPD para la privacidad de datos en Espa\u00f1a, ley que a partir del 25 de Mayo del 2018 queda sustituida por el Reglamento General de Protecci\u00f3n de datos (RGPD) de la Uni\u00f3n Europea. La presente Pol\u00edtica de Privacidad ser\u00e1 v\u00e1lida \u00fanicamente para los datos de car\u00e1cter personal obtenidos en [&hellip;]","og_url":"https:\/\/dreamtech5.com\/web\/es\/politica-privacidad\/","og_site_name":"Dreamtech","article_modified_time":"2023-09-07T10:20:27+00:00","twitter_card":"summary_large_image","twitter_site":"@dreamtech5Info","twitter_misc":{"Tiempo de lectura":"5 minutos"},"schema":{"@context":"https:\/\/schema.org","@graph":[{"@type":"WebPage","@id":"https:\/\/dreamtech5.com\/web\/es\/politica-privacidad\/","url":"https:\/\/dreamtech5.com\/web\/es\/politica-privacidad\/","name":"Pol\u00edtica de privacidad - Dreamtech","isPartOf":{"@id":"https:\/\/dreamtech5.com\/web\/#website"},"datePublished":"2021-09-10T17:12:28+00:00","dateModified":"2023-09-07T10:20:27+00:00","breadcrumb":{"@id":"https:\/\/dreamtech5.com\/web\/es\/politica-privacidad\/#breadcrumb"},"inLanguage":"es","potentialAction":[{"@type":"ReadAction","target":["https:\/\/dreamtech5.com\/web\/es\/politica-privacidad\/"]}]},{"@type":"BreadcrumbList","@id":"https:\/\/dreamtech5.com\/web\/es\/politica-privacidad\/#breadcrumb","itemListElement":[{"@type":"ListItem","position":1,"name":"Portada","item":"https:\/\/dreamtech5.com\/web\/es\/"},{"@type":"ListItem","position":2,"name":"Pol\u00edtica de privacidad"}]},{"@type":"WebSite","@id":"https:\/\/dreamtech5.com\/web\/#website","url":"https:\/\/dreamtech5.com\/web\/","name":"Dreamtech","description":"Dreamtech, video 3D, Realidad virtual y Realidad Aumentada.","publisher":{"@id":"https:\/\/dreamtech5.com\/web\/#organization"},"potentialAction":[{"@type":"SearchAction","target":{"@type":"EntryPoint","urlTemplate":"https:\/\/dreamtech5.com\/web\/?s={search_term_string}"},"query-input":"required name=search_term_string"}],"inLanguage":"es"},{"@type":"Organization","@id":"https:\/\/dreamtech5.com\/web\/#organization","name":"Dreamtech","url":"https:\/\/dreamtech5.com\/web\/","logo":{"@type":"ImageObject","inLanguage":"es","@id":"https:\/\/dreamtech5.com\/web\/#\/schema\/logo\/image\/","url":"https:\/\/dreamtech5.com\/web\/wp-content\/uploads\/2022\/03\/Dreamtech-logo-negro.png","contentUrl":"https:\/\/dreamtech5.com\/web\/wp-content\/uploads\/2022\/03\/Dreamtech-logo-negro.png","width":172,"height":51,"caption":"Dreamtech"},"image":{"@id":"https:\/\/dreamtech5.com\/web\/#\/schema\/logo\/image\/"},"sameAs":["https:\/\/x.com\/dreamtech5Info","https:\/\/www.linkedin.com\/company\/dreamtech5","https:\/\/www.youtube.com\/channel\/UCrddn2IC1KNPvMC3-IEnXvA"]}]}},"_links":{"self":[{"href":"https:\/\/dreamtech5.com\/web\/wp-json\/wp\/v2\/pages\/3"}],"collection":[{"href":"https:\/\/dreamtech5.com\/web\/wp-json\/wp\/v2\/pages"}],"about":[{"href":"https:\/\/dreamtech5.com\/web\/wp-json\/wp\/v2\/types\/page"}],"author":[{"embeddable":true,"href":"https:\/\/dreamtech5.com\/web\/wp-json\/wp\/v2\/users\/1"}],"replies":[{"embeddable":true,"href":"https:\/\/dreamtech5.com\/web\/wp-json\/wp\/v2\/comments?post=3"}],"version-history":[{"count":8,"href":"https:\/\/dreamtech5.com\/web\/wp-json\/wp\/v2\/pages\/3\/revisions"}],"predecessor-version":[{"id":6330,"href":"https:\/\/dreamtech5.com\/web\/wp-json\/wp\/v2\/pages\/3\/revisions\/6330"}],"wp:attachment":[{"href":"https:\/\/dreamtech5.com\/web\/wp-json\/wp\/v2\/media?parent=3"}],"curies":[{"name":"wp","href":"https:\/\/api.w.org\/{rel}","templated":true}]}}